ivided by 696?
19
Calculate the remainder when 46259 is divided by 45.
44
Calculate the remainder when 47102 is divided by 3623.
3
What is the remainder when 1109 is divided by 47?
28
What is the remainder when 214180 is divided by 498?
40
What is the remainder when 284592 is divided by 568?
24
What is the remainder when 2894 is divided by 580?
574
Calculate the remainder when 4556 is divided by 451.
46
Calculate the remainder when 1948 is divided by 1735.
213
What is the remainder when 633 is divided by 212?
209
What is the remainder when 533489 is divided by 19?
7
Calculate the remainder when 18468 is divided by 2627.
79
What is the remainder when 206486 is divided by 16?
6
What is the remainder when 2542 is divided by 16?
14
Calculate the remainder when 50289 is divided by 216.
177
Calculate the remainder when 5364 is divided by 3.
0
What is the remainder when 1903 is divided by 1859?
44
Calculate the remainder when 128467 is divided by 175.
17
Calculate the remainder when 3849382 is divided by 168.
166
What is the remainder when 21651 is divided by 305?
301
Calculate the remainder when 9047 is divided by 2257.
19
What is the remainder when 396970 is divided by 530?
0
What is the remainder when 3140 is divided by 1040?
20
Calculate the remainder when 12908 is divided by 12839.
69
What is the remainder when 3845 is divided by 88?
61
Calculate the remainder when 109591 is divided by 1096.
1087
What is the remainder when 179043 is divided by 33?
18
Calculate the remainder when 1350727 is divided by 436.
435
What is the remainder when 34272 is divided by 1070?
32
Calculate the remainder when 229 is divided by 39.
34
Calculate the remainder when 330481 is divided by 55077.
19
What is the remainder when 9884 is divided by 391?
109
Calculate the remainder when 1836 is divided by 469.
429
Calculate the remainder when 2142 is divided by 354.
18
Calculate the remainder when 291007 is divided by 32.
31
Calculate the remainder when 4875 is divided by 410.
365
Calculate the remainder when 56502 is divided by 189.
180
Calculate the remainder when 41484 is divided by 373.
81
Calculate the remainder when 438754 is divided by 132.
118
Calculate the remainder when 894809 is divided by 105.
104
What is the remainder when 8915 is divided by 4456?
3
What is the remainder when 4694 is divided by 1121?
210
Calculate the remainder when 23356 is divided by 24.
4
Calculate the remainder when 53787 is divided by 361.
359
What is the remainder when 16107 is divided by 2013?
3
What is the remainder when 14116 is divided by 2351?
10
What is the remainder when 566 is divided by 11?
5
Calculate the remainder when 13344 is divided by 13272.
72
Calculate the remainder when 46570 is divided by 15523.
1
Calculate the remainder when 13870 is divided by 1324.
630
What is the remainder when 1110625 is divided by 14?
5
What is the remainder when 665 is divided by 286?
93
Calculate the remainder when 7257 is divided by 2318.
303
What is the remainder when 460214 is divided by 179?
5
Calculate the remainder when 269734 is divided by 21.
10
Calculate the remainder when 7026 is divided by 2680.
1666
What is the remainder when 224232 is divided by 11?
8
Calculate the remainder when 4132 is divided by 184.
84
What is the remainder when 18532 is divided by 75?
7
Calculate the remainder when 17024 is divided by 840.
224
What is the remainder when 2443405 is divided by 30?
25
Calculate the remainder when 2628 is divided by 293.
284
What is the remainder when 16297 is divided by 5386?
139
What is the remainder when 1176848 is divided by 208?
192
What is the remainder when 147354 is divided by 13395?
9
Calculate the remainder when 980 is divided by 528.
452
What is the remainder when 116374 is divided by 24?
22
What is the remainder when 371829 is divided by 100?
29
What is the remainder when 23365 is divided by 56?
13
What is the remainder when 2187 is divided by 4?
3
What is the remainder when 3982213 is divided by 94?
91
Calculate the remainder when 711 is divided by 28.
11
Calculate the remainder when 122897 is divided by 13652.
29
Calculate the remainder when 14343 is divided by 1102.
17
What is the remainder when 198815 is divided by 7?
1
Calculate the remainder when 53368 is divided by 13342.
0
Calculate the remainder when 7891 is divided by 2627.
10
Calculate the remainder when 1258558 is divided by 115.
113
Calculate the remainder when 53627 is divided by 327.
326
Calculate the remainder when 39741 is divided by 92.
89
Calculate the remainder when 289336 is divided by 144636.
64
What is the remainder when 33026 is divided by 472?
458
Calculate the remainder when 409754 is divided by 1151.
1149
What is the remainder when 35436 is divided by 261?
201
What is the remainder when 3831 is divided by 116?
3
What is the remainder when 19077 is divided by 58?
53
Calculate the remainder when 2971 is divided by 207.
73
What is the remainder when 263230 is divided by 144?
142
What is the remainder when 6061 is divided by 74?
67
What is the remainder when 499821 is divided by 850?
21
Calculate the remainder when 21022 is divided by 52.
14
Calculate the remainder when 1408 is divided by 469.
1
What is the remainder when 98888 is divided by 67?
63
What is the remainder when 62698 is divided by 2030?
1798
Calculate the remainder when 8017 is divided by 713.
174
Calculate the remainder when 20469 is divided by 134.
101
Calculate the remainder when 256 is divided by 97.
62
What is the remainder when 18797 is divided by 1041?
59
Calculate the remainder when 9447 is divided by 53.
13
What is the remainder when 8158 is divided by 133?
45
What is the remainder when 717569 is divided by 338?
333
Calculate the remainder when 10772 is divided by 3562.
86
What is the remainder when 21040 is divided by 569?
556
Calculate the remainder when 1076439 is divided by 5.
4
Calculate the remainder when 37528 is divided by 1014.
10
Calculate the remainder when 46024 is divided by 7668.
16
What is the remainder when 5903 is divided by 1950?
53
What is the remainder when 1444 is divided by 315?
184
Calculate the remainder when 156872 is divided by 700.
72
Calculate the remainder when 3825 is divided by 89.
87
What is the remainder when 1603 is divided by 352?
195
What is the remainder when 64746 is divided by 605?
11
Calculate the remainder when 12165 is divided by 12136.
29
Calculate the remainder when 11464 is divided by 874.
102
What is the remainder when 23576 is divided by 1684?
0
Calculate the remainder when 15367 is divided by 87.
55
What is the remainder when 37595 is divided by 9377?
87
Calculate the remainder when 33949 is divided by 2262.
19
What is the remainder when 6360 is divided by 117?
42
Calculate the remainder when 7627 is divided by 642.
565
Calculate the remainder when 79537 is divided by 68.
45
Calculate the remainder when 16204 is divided by 135.
4
Calculate the remainder when 3948 is divided by 978.
36
Calculate the remainder when 219077 is divided by 10432.
5
What is the remainder when 4678 is divided by 2335?
8
What is the remainder when 362422 is divided by 3?
1
What is the remainder when 9535 is divided by 1254?
757
What is the remainder when 392513 is divided by 56073?
2
What is the remainder when 2712 is divided by 234?
138
What is the remainder when 12322 is divided by 156?
154
Calculate the remainder when 97517 is divided by 186.
53
Calculate the remainder when 96 is divided by 24.
0
Calculate the remainder when 39799 is divided by 10.
9
What is the remainder when 308372 is divided by 102783?
23
Calculate the remainder when 175286 is divided by 59.
56
What is the remainder when 15188 is divided by 37?
18
What is the remainder when 145025 is divided by 5179?
13
Calculate the remainder when 2175 is divided by 539.
19
What is the remainder when 51954 is divided by 444?
6
Calculate the remainder when 5787 is divided by 2874.
39
Calculate the remainder when 79785 is divided by 251.
218
Calculate the remainder when 20656 is divided by 37.
10
Calculate the remainder when 7848 is divided by 98.
8
What is the remainder when 2098077 is divided by 720?
717
Calculate the remainder when 14284 is divided by 24.
4
Calculate the remainder when 114216 is divided by 28533.
84
Calculate the remainder 